at is the remainder when 76 is divided by a(-15)?
6
Suppose 1996 = 3*k + 2*m, k - 64*m - 682 = -68*m. Calculate the remainder when k is divided by 18.
14
Suppose 0 = -34208*c + 34214*c - 22074. Calculate the remainder when c is divided by 88.
71
Let b = -475 - -2287. Calculate the remainder when b is divided by 11.
8
Suppose 0 = 14*x - 19*x + 20. Suppose 0 = 3*r - 9, -x*m + 8*m - 5*r - 61 = 0. Calculate the remainder when 93 is divided by m.
17
Let w = 3692 - 3656. Calculate the remainder when 678 is divided by w.
30
Suppose 105 = 2*f - 101. Let g be 33 + (2 - 3) - -3. Let u = -20 + g. What is the remainder when f is divided by u?
13
Suppose 48*r = 35*r + 13. Calculate the remainder when 0 + r + 181 + 2 is divided by 19.
13
Suppose 0 = 4*p + f - 282, -11*f + 4*f + 14 = 0. Let r(d) = -d**2 - 22*d + 14. What is the remainder when r(-11) is divided by p?
65
Let u = 94 + -23. Let w = u + -57. Suppose 8 = 4*r + 3*g - 38, w = r + 2*g. Calculate the remainder when 89 is divided by r.
9
Let n(b) = 17*b**2 + 31*b - 74. What is the remainder when 107 is divided by n(2)?
51
Suppose 0 = k - q - 63, 5*q = -6*k + k + 325. Suppose 5*r = -o + 36, 2*o = 12*r - 13*r + 45. Calculate the remainder when k is divided by o.
1
Suppose -34*b = -2*i - 36*b + 968, -6*i = b - 2874. Calculate the remainder when i is divided by 43.
5
Let p = -30404 - -30508. What is the remainder when 2386 is divided by p?
98
Suppose -8968*m + 18300 = -8953*m. Calculate the remainder when m is divided by 6.
2
Let d = -1481 + -670. What is the remainder when (-1)/(d/1074 - -2) is divided by 18?
16
Suppose 21*p - 2318 = 2533. Suppose 0 = 4*o + 7*o - p. Calculate the remainder when 123 is divided by o.
18
Suppose -o - w + 15 = 0, -7 = 4*w + 5. Suppose 263*r + 3271 = 291*r - 145. What is the remainder when r is divided by o?
14
Let u(z) = 3*z**2 - z - 1. Suppose -26*s - 51 = -9*s. What is the remainder when (-552)/(-9) - 2/s is divided by u(3)?
16
Let k be (3/(-9)*-1)/(1/(-3)). Let a be 83 - (k + (-2)/(1 - 2)). Suppose 5*s - a = 63. What is the remainder when s is divided by 8?
5
Let l = 78 + 7. Suppose 757 - 629 = 8*m. Let b = l - m. Calculate the remainder when b is divided by 18.
15
Suppose -48*d = -66*d - 18. Let o(n) = n + 1. Let u(b) = -33*b - 1. Let i(a) = -o(a) + u(a). What is the remainder when i(d) is divided by 17?
15
Let b = -395 - -899. Calculate the remainder when b is divided by (110/190)/((-55)/(-1045)).
9
Let o = -3418 + 3608. What is the remainder when 1144 is divided by o?
4
Let x = 177 + -58. Let a = x - 115. What is the remainder when 25 is divided by a?
1
Let n = 28423 - 14215. What is the remainder when n is divided by 13?
12
Suppose -3*j = 2*j + 630. Let z(d) = 10*d**2 - 10*d + 27. Let m be z(4). Let q = m + j. What is the remainder when 31 is divided by q?
10
Let f(k) = 44*k + 361. What is the remainder when f(-2) is divided by 132?
9
Let d = 16657 + -12385. What is the remainder when d is divided by 854?
2
Suppose -14*c + 6279 = 8*c - c. Calculate the remainder when c is divided by 292.
7
Suppose -5*x = -1185 + 280. Suppose 2*a - x = n, 2*a + 4*n - 193 = n. Suppose 17*d - a = 503. What is the remainder when 104 is divided by d?
34
Let v = -10805 + 10917. Calculate the remainder when 164 is divided by v.
52
Suppose x = 3*x. Suppose -8*z + 454 + 34 = x. Let a = z + -49. Calculate the remainder when 44 is divided by a.
8
Let l(i) = i**2 + 19*i + 33. Let k be l(-14). Let w = k + 28. Calculate the remainder when 15 is divided by w*1/(-15)*(-20)/(-2).
3
Let m = -12296 + 15379. Calculate the remainder when m is divided by 63.
59
Let i(v) = 2*v**2 + 6*v - 42. What is the remainder when i(9) is divided by 34?
4
Suppose -2*j = 2*x - 8, -21 = -5*j - 4*x - 0. Suppose 0 = 3*g + p - 32, 5*g - j*p + 1 = 41. Calculate the remainder when 67 is divided by g.
7
Let h be (-3 - 0) + 52/4. Let d(l) = 4 + 6*l**2 - 9*l + 4*l**2 + h*l. What is the remainder when d(3) is divided by 20?
17
Let i(c) = -7*c - 20. Suppose -24*z - 44*z = 14*z - 13940. Calculate the remainder when z is divided by i(-8).
26
Let x(l) = -13*l + 42. Let g(q) = -q**3 - 24*q**2 - 44*q. Let j be g(-22). What is the remainder when 80 is divided by x(j)?
38
Suppose 2*k + 190 = 40*k. Suppose 2*o - 48 = -2*a, 3*o = -15*a + 10*a + 68. Calculate the remainder when o is divided by k.
1
Suppose 0 = 179*h - 195*h + 3168. What is the remainder when h is divided by 23?
14
Let f = -88 + 91. Suppose 25 = 5*q, 0 = f*r - 0*r + 4*q - 29. Suppose -4*d + 179 = r*p, 5*p + 3*d - 308 = 6*d. Calculate the remainder when p is divided by 11.
6
Suppose -3*x = 2*b + 90, 27 = -4*x + 3*b - 93. Let r = -30 - x. Suppose r = 16*z - 15*z - 3. Calculate the remainder when 5 is divided by z.
2
Suppose 41*f - 40*f = 4*l - 1104, -2*f - 8 = 0. Let o = 49 - 115. Let d = l + o. What is the remainder when d is divided by 42?
41
Let n = -13949 - -13984. Calculate the remainder when 345 is divided by n.
30
Suppose -18*w - 279*w + 22869 = 0. What is the remainder when 3692 is divided by w?
73
Suppose 2*s + 1 + 19 = 3*y, 0 = -2*y + s + 13. Calculate the remainder when (-16)/y*-57 - 0 is divided by 26.
22
Suppose 7*y + 64 = 9*y. Let f = y + 22. Calculate the remainder when 54 is divided by (-2)/(-4 - f/(-14)).
12
Suppose 5*h - 170 = -4*d, 2*h - 54 = -d - 13. Suppose 18 = p + 13. Suppose 2*v - 2*u = 56, -p*u - 9 = -v + 39. Calculate the remainder when d is divided by v.
22
Let x(g) = -3*g**3 - 2*g**2 + 52*g + 2. What is the remainder when 359 is divided by x(-5)?
24
Let i(d) = -d**3 - 9*d**2 - d - 6. Let c be i(-9). Calculate the remainder when (-14)/2 + ((-552)/(-483) - (-797)/7) is divided by c + 36 + 6/(-3).
34
Let q = 283 + -279. Suppose q*h - 20 = 0, -2*h - 3*h = 2*v - 103. What is the remainder when v is divided by 9?
3
Let f be 22/(-121) + (-57)/(-11). Suppose -4*c = -5*u + 401 - 61, c = f*u - 340. Calculate the remainder when u is divided by ((-20)/(-3))/(((-32)/6)/(-8)).
8
Calculate the remainder when 661 is divided by ((-1)/(-6))/(164/81672).
80
Let w(x) = -4*x + 73. Let f be (4/26)/(-1) + (-1182)/(-78). Let m be w(f). Suppose m*k - 762 = -73. Calculate the remainder when k is divided by 19.
15
What is the remainder when (782/(-8) + -2)*(2 + -3)*4 is divided by 34?
25
Let n = 261 + 125. Let t = -240 + n. Let c(z) = 2*z + 15. Calculate the remainder when t is divided by c(11).
35
Suppose -111*b + 439 + 2003 = 0. Let j(m) = -m + 2. Calculate the remainder when b is divided by j(-6).
6
Suppose 4961 = 11*k - 1867 - 1070. What is the remainder when k is divided by 102?
4
Calculate the remainder when 22/3*(-30564)/(-198) is divided by 225.
7
Let o(r) = -13 + 55*r - 45*r - 160 - 11. What is the remainder when 88 is divided by o(19)?
4
Suppose -2*z = -3*z + 19. Let d = -1424 - -1458. What is the remainder when d is divided by z?
15
Let n(q) = -37*q + 344. Calculate the remainder when 205 is divided by n(8).
13
Suppose 8*x - 857 + 201 = 0. Suppose 0*h - h - 3*i + 253 = 0, 0 = 2*h + 3*i - 497. Calculate the remainder when h is divided by x.
80
Let s = -2715 - -2873. What is the remainder when s is divided by 24?
14
Let m = 33282 + -33054. Let z(p) = p**3 + p**2 + 46. What is the remainder when m is divided by z(0)?
44
Let j = -11566 + 15405. What is the remainder when j is divided by 120?
119
Let n = -21536 - -21600. Calculate the remainder when 391 is divided by n.
7
Let q = 11073 + -11009. Calculate the remainder when 1481 is divided by q.
9
Calculate the remainder when 857 is divided by (-69)/897 - 2212/(-26).
7
Let x(u) = 3*u - 23. Let l be x(6). What is the remainder when 146 is divided by 0 - (l - 6/(-2)) - -13?
11
Suppose 2*l + 0*l - 38 = 0. Let a = -975 - -1063. Calculate the remainder when a is divided by l.
12
Suppose 0 = 4*m + 4*k - 2236, -5*m - k + 2*k + 2765 = 0. What is the remainder when m is divided by (4/22)/((-3)/(-297))?
14
Suppose 0 = t - 0*t - 59*t + 11426. What is the remainder when t is divided by 9?
8
Suppose 2*d - 5*z - 4 = 0, 5*d - 9 = 3*z + 1. Suppose 4 = -7*r + 18. Suppose 0 = -r*n + 26 - 12. What is the remainder when n is divided by d?
1
Let v(r) = 12*r - 16. Suppose -4*b + 5*j - 10*j + 140 = 0, 5*j + 40 = 2*b. Calculate the remainder when v(8) is divided by b.
20
Let u be 1*17 - 0/14 - -1. Let t be (u/(-5))/(15/(-75)). What is the r